se 4) to base 7
-113513566
What is 1c499 (base 15) in base 14?
25837
ad7b84 (base 14) to base 5
3002233003
Convert -726503 (base 8) to base 6.
-5055323
What is b4219 (base 12) in base 5?
30012232
7479622 (base 10) to base 14
dc9b4a
47612 (base 11) to base 3
10111010111
20121120111 (base 3) to base 9
217514
-50270 (base 14) to base 16
-2f03a
Convert 248a03 (base 12) to base 7.
5031150
90d60 (base 14) to base 13
c2752
What is -150351251 (base 6) in base 12?
-105b527
-1222130003 (base 4) to base 9
-734032
1215400 (base 6) to base 16
fcd8
-11000200212110 (base 3) to base 12
-872193
Convert -100211110100 (base 3) to base 9.
-324410
What is -3104110404 (base 5) in base 7?
-104455012
Convert 16068 (base 14) to base 8.
153274
110706 (base 10) to base 12
54096
Convert -132013320 (base 4) to base 3.
-20021020210
130172 (base 11) to base 10
205174
What is -100111101001100000100 (base 2) in base 7?
-14020524
11132201143 (base 5) to base 16
bcecef
What is 22114412 (base 5) in base 3?
100202011211
-4052226 (base 7) to base 8
-1660115
What is -1a8370 (base 16) in base 8?
-6501560
Convert 10110110101001110001010 (base 2) to base 5.
3013011122
812622 (base 10) to base 6
25230050
-25779 (base 12) to base 8
-144015
What is -2223747 (base 8) in base 3?
-1010111002200
122300102 (base 4) to base 15
2270b
13cab8c (base 15) to base 4
312212102133
What is -4322bc (base 13) in base 9?
-2861454
-ca0b (base 16) to base 14
-14bc7
What is 120202200122 (base 3) in base 4?
1023300320
What is -6b4917 (base 16) in base 8?
-32644427
-1215265 (base 8) to base 5
-41201032
23301042 (base 6) to base 13
1c436c
What is 20222203333 (base 4) in base 7?
25210261
What is -36566065 (base 7) in base 12?
-1120551
Convert 126a08a (base 12) to base 15.
4b931a
What is -1111110111000001110000 (base 2) in base 8?
-17670160
Convert -234404211 (base 6) to base 4.
-100312202233
Convert -15837b (base 16) to base 10.
-1409915
What is 158219a (base 13) in base 5?
3232311302
Convert -10820506 (base 9) to base 4.
-110012112132
Convert 404164 (base 11) to base 10.
649719
What is 12201120102002 (base 3) in base 2?
1011100110110001110000
9124558 (base 11) to base 3
1010101000102122
-85775 (base 15) to base 14
-b0504
-60b32 (base 14) to base 7
-1656262
What is -66935 (base 11) in base 16?
-17abf
Convert -725155 (base 8) to base 12.
-b7039
Convert 2b724 (base 13) to base 5.
10120002
What is 10000011111101010100001 (base 2) in base 3?
22010200102012
1735a8 (base 13) to base 4
2031103222
What is -30a7ba (base 15) in base 16?
-234d99
What is -70304 (base 8) in base 10?
-28868
-60165 (base 11) to base 15
-1b143
What is -8601a (base 16) in base 2?
-10000110000000011010
What is 10223223 (base 5) in base 10?
86063
What is -10211020122 (base 4) in base 11?
-750095
Convert 493554 (base 11) to base 12.
317906
What is 1e7662 (base 15) in base 3?
2210212021102
Convert -7a84e (base 16) to base 9.
-844347
What is -b37b77 (base 14) in base 8?
-27055655
-5100015 (base 9) to base 4
-22113021230
What is -133019 (base 14) in base 7?
-5423032
What is 6c928 (base 13) in base 15?
3e0aa
What is -3808b00 (base 12) in base 14?
-16558c0
What is 20200323131 (base 4) in base 12?
8b7825
Convert 185752 (base 9) to base 15.
2449b
Convert 165232 (base 10) to base 11.
103161
What is 501573 (base 12) in base 11?
78172a
What is -2100212202 (base 3) in base 6?
-555332
Convert 33722 (base 8) to base 10.
14290
What is 22030102 (base 4) in base 6?
521134
Convert -10211031311 (base 4) to base 7.
-13131332
What is 2123131003 (base 4) in base 13?
193a8c
What is 1063204 (base 8) in base 6?
10103044
Convert 31272a (base 13) to base 6.
40335021
17a9050 (base 11) to base 5
1240313422
46ecfe (base 16) to base 13
c69911
Convert 10011000101110001101100 (base 2) to base 4.
103011301230
What is 113805 (base 10) in base 6?
2234513
What is -3615343 (base 7) in base 4?
-1233311203
Convert 127759 (base 10) to base 15.
27cc4
Convert -4c8476 (base 13) to base 10.
-1846253
What is 1001223332 (base 4) in base 16?
41afe
Convert -201300003 (base 6) to base 15.
-47b0e9
Convert db0a (base 14) to base 13.
142b8
What is -101311301133 (base 4) in base 11?
-2704749
Convert 156c8d (base 14) to base 9.
1361200
What is 2c0702 (base 15) in base 11?
1223739
What is -32412111 (base 6) in base 10?
-965995
What is -659298 (base 10) in base 9?
-1214343
Convert -9e00 (base 15) to base 6.
-415113
94ca9 (base 14) to base 12
153a71
14142 (base 5) to base 2
10010010100
Convert 13220310 (base 5) to base 12.
64884
What is 1113020 (base 4) in base 3?
21122112
-22311021 (base 4) to base 7
-243222
Convert 18698660 (base 10) to base 3.
1022011222201222
What is -22200120003 (base 4) in base 13?
-755721
What is 7c3959 (base 13) in base 2?
1011010000001101010001
Convert 365475 (base 9) to base 11.
140780
-7471e7 (base 15) to base 10
-5542192
3607846 (base 9) to base 5
1000020120
386000 (base 9) to base 15
49509
-11220120200 (base 3) to base 16
-1798b
What is -5441140 (base 6) in base 3?
-111201011020
114775 (base 10) to base 15
2401a
Convert -1177720 (base 10) to base 7.
-13003405
What is 3420112 (base 5) in base 9?
102176
Convert -e9ee2 (base 15) to base 14.
-15482b
What is 7742 (base 9) in base 3?
21211102
10593100 (base 10) to base 12
366a324
-1335183 (base 10) to base 16
-145f8f
What is 5b0e1 (base 16) in base 11?
235236
What is 1010101110001011001 (base 2) in base 10?
351321
What is -86fd5 (base 16) in base 6?
-15503445
-44113335 (base 6) to base 11
-819993
What is -5ce2a3 (base 16) in base 8?
-27161243
-113340412 (base 5) to base 7
-4325133
-1736a0 (base 14) to base 10
-816284
What is -3878856 (base 9) in base 10?
-2119173
-41c60b (base 13) to base 11
-962960
What is 100100000100100001000 (base 2) in base 5?
300310320
13202353 (base 6) to base 7
3464136
-2557587 (base 10) to base 7
-30511344
What is -11543233 (base 6) in base 2?
-1011010101011000101
-4c5cc (base 14) to base 6
-4005120
Convert -48ba (base 12) to base 4.
-2000032
Convert -1637846 (base 10) to base 8.
-6176726
-474825 (base 13) to base 3
-10012010110210
What is -13433521 (base 9) in base 8?
-31240406
What is -118576 (base 10) in base 9?
-200581
Convert -120660 (base 7) to base 4.
-11112321
What is -3425351 (base 7) in base 14?
-b17d1
Convert 24111550 (base 7) to base 2.
1000001001110110101001
1233332 (base 6) to base 9
111652
-1111101111110000011001 (base 2) to base 6
-224250013
What is 3784332 (base 10) in base 16?
39be8c
Convert 1135338 (base 11) to base 16.
1e446a
What is 40839 (base 11) in base 13?
21168
-362595 (base 12) to base 6
-30431505
2e0c (base 15) to base 3
111121010
Convert -6858616 (base 9) to base 12.
-12a5380
-10030011001 (base 4) to base 9
-2053214
253366620 (base 7) to base 13
3437493
What is 1111001111101010 (base 2) in base 5?
3444232
-176612 (base 9) to base 14
-2c063
-33129 (base 13) to base 5
-10424403
What is 110110011111010011001 (base 2) in base 7?
21114350
Convert -1da1c (base 14) to base 3.
-10212100120
83d64 (base 14) to base 7
2463454
What is 414223131 (base 5) in base 6?
100401253
What is -1643183 (base 10) in base 11?
-a22603
What is -92b0c3 (base 13) in base 10?
-3423085
111401015 (base 6) to base 13
56455a
Convert 563292 (base 10) to base 15.
b1d7c
Convert 4fa80a (base 16) to base 5.
2314022422
What is 1719970 (base 11) in base 9?
5450613
-315400202 (base 6) to base 9
-11448682
Convert 122888 (base 11) to base 8.
573013
What is 13a8ab2 (base 13) in base 8?
27646515
-1a289 (base 14) to base 13
-24294
Convert 2a77096 (base 11) to base 4.
110011202011
Convert 28283832 (base 9) to base 7.
226630562
What is 2650752 (base 11) in base 14?
874557
What is 243473 (base 9) in base 12?
71033
Convert -334033044 (base 6) to base 13.
-1346a31
110315422 (base 6) to base 10
1985414
-11011001110000010 (base 2) to base 7
-643021
What is -9453 (base 13) in base 15?
-612c
Convert 1dd756 (base 15) to base 16.
1652f7
Convert 174835 (base 10) to base 6.
3425231
1364032 (base 8) to base 7
3201365
150498 (base 12) to base 2
1010110001110110100
135d47 (base 14) to base 8
2433333
-1022022444 (base 6) to base 4
-220330213330
100011010000 (base 2) to base 14
b72
Convert 212120023 (base 4) to base 10.
157195
-100000001111110011011 (base 2) to base 5
-232303132
153121042 (base 6) to base 12
10b9182
What is 361765 (base